{"id":16,"date":"2012-06-14T11:16:16","date_gmt":"2012-06-14T09:16:16","guid":{"rendered":"http:\/\/www.paulinamihai.de\/?page_id=16"},"modified":"2020-10-12T18:09:15","modified_gmt":"2020-10-12T16:09:15","slug":"installation","status":"publish","type":"page","link":"http:\/\/www.paulinamihai.de\/?page_id=16","title":{"rendered":"Installation"},"content":{"rendered":"<p><strong>Lacustre. 2001<\/strong><\/p>\n<p><img loading=\"lazy\" decoding=\"async\" title=\"Photo: \u00a9 \u00c0lex Tena\" src=\"http:\/\/www.paulinamihai.de\/wp-content\/uploads\/2012\/06\/LMihai02.jpg\" alt=\"\" width=\"400\" height=\"600\"><\/p>\n<p>Paulina Mihai: Lacustre, Art et Nature,<br \/>\nDu 24 au 30 ao\u00fbt, 2001,<br \/>\n12 sculpteurs et plasticiens<br \/>\ncr\u00e9eront des oeuvers \u00e9ph\u00e9m\u00e8res<br \/>\nau bord du lac de Montbel.<br \/>\nCat\u2019Art, Centre d\u2019Art Contemporain<br \/>\nLa Forge, l\u2019Aude,&nbsp; France<\/p>\n<p><img loading=\"lazy\" decoding=\"async\" title=\"Photo: \u00a9 \u00c0lex Tena\" src=\"http:\/\/www.paulinamihai.de\/wp-content\/uploads\/2012\/06\/LMihai01.jpg\" alt=\"\" width=\"600\" height=\"400\"><\/p>\n<p>Paulina Mihai: Tempor\u00e4re Installation am Lac de Montbel<br \/>\nFrankreich, August 2001, schwarzer Stoff, Holz<\/p>\n<p><img loading=\"lazy\" decoding=\"async\" title=\"Photo: \u00a9 Paulina Mihai\" src=\"http:\/\/www.paulinamihai.de\/wp-content\/uploads\/2012\/06\/Salamandre.jpg\" alt=\"\" width=\"600\" height=\"397\"><\/p>\n<p>Paulina Mihai: Salamandre. Tempor\u00e4re Installation am Lac de Montbel<br \/>\nFrankreich, August 2001, schwarzer Stoff, Holz<\/p>\n<p>Salamandre<\/p>\n<p>Paulina prend possession des v\u00e9g\u00e9taux, min\u00e9raux et animaux du lieu: salamandre noire et jaune qu&#8217;elle prend sous sa protection et qui lui fournit un nouveau patron visuel; vaches paissant sur la rive, souches, terre st\u00e9rile et ass\u00e9ch\u00e9e.<br \/>\nEssence et r\u00e9sistance des mat\u00e9riaux, toiles principalement, noires ou blanches, qui endeuiIlent \u00e0 nouveau les souches d\u00e9j\u00e0 mortes.<br \/>\nPaulina n&#8217;aime pas l&#8217;eau et elle garde ses distances. L&#8217;ombre du bois proche semble plut\u00f4t l&#8217;attirer; c&#8217;est l\u00e0 qu&#8217;elle emmaillote les arbres (vivants ceux-ci), emm\u00e9nageant un espace \u00e0 l&#8217;or\u00e9e de la f\u00f4ret, une clairi\u00e8re pour le repos et la r\u00e9flexion o\u00f9 elle va parfois s&#8217;assoupir elle- m\u00eame aux heures les plus chaudes de la journ\u00e9e.<br \/>\nEspace et mati\u00e8re sont les th\u00e8mes de la transposition et de la transfiguration de ce paysage en sculpture, la nature restant toujours perceptible \u00e0 travers l&#8217;abstraction qui ne fait que la souligner et la masquer pour mieux la d\u00e9voiler.<\/p>\n<p>\u00a9 \u00c0lex Tena<\/p>\n<p><img loading=\"lazy\" decoding=\"async\" title=\"Photo: \u00a9 \u00c0lex Tena\" src=\"http:\/\/www.paulinamihai.de\/wp-content\/uploads\/2012\/06\/LMihai05.jpg\" alt=\"\" width=\"600\" height=\"400\"><\/p>\n<p>Paulina Mihai: Tempor\u00e4re Installation am Lac de Montbel<br \/>\nFrankreich August 2001, weisser Stoff, Acryl<\/p>\n<p><img loading=\"lazy\" decoding=\"async\" title=\"Photo: \u00a9 \u00c0lex Tena\" src=\"http:\/\/www.paulinamihai.de\/wp-content\/uploads\/2012\/06\/LMihai04.jpg\" alt=\"\" width=\"600\" height=\"400\"><\/p>\n<p>Paulina Mihai: Tempor\u00e4re Installation am Lac de Montbel<br \/>\nFrankreich August 2001: weisser Stoff, Acryl<\/p>\n<p><img loading=\"lazy\" decoding=\"async\" title=\"Catalogue: Lacustre. Art et Nature Intervention plastique Lac de Montbel Ao\u00fbt 2001 CAT\u2019ART. Centre d\u2019Art Contemporain 2002\" src=\"http:\/\/www.paulinamihai.de\/wp-content\/uploads\/2012\/06\/lacustre.jpg\" alt=\"\" width=\"150\" height=\"220\"><\/p>\n<p>Catalogue<br \/>\nLacustre. Art et Nature<br \/>\nIntervention plastique<br \/>\nLac de Montbel<br \/>\nAo\u00fbt 2001<br \/>\nCAT\u2019ART. Centre d\u2019Art<br \/>\nContemporain<br \/>\n2002<br \/>\n48 p. 44 Ill. 30&#215;21 cm<\/p>\n<p>___________________________________________________________________________<\/p>\n<p><strong>Art &amp; Nature. 2003<\/strong><\/p>\n<p><img loading=\"lazy\" decoding=\"async\" title=\"Photo: \u00a9 Paulina Mihai\" src=\"http:\/\/www.paulinamihai.de\/wp-content\/uploads\/2012\/06\/artnature34.jpg\" alt=\"\" width=\"600\" height=\"421\"><\/p>\n<p>Paulina Mihai: Sans Titres, 2003, Huile sur toile<br \/>\nExposition collective des artistes participants \u00e0 l\u2019intervention<br \/>\nSalle d\u2019exposition du centre d\u2019art. L\u2019lle, Sainte-Colombe-sur-l&#8217;Her<\/p>\n<p><strong><img loading=\"lazy\" decoding=\"async\" title=\"Photo: \u00a9 Paulina Mihai\" src=\"http:\/\/www.paulinamihai.de\/wp-content\/uploads\/2012\/06\/artnature02.jpg\" alt=\"\" width=\"350\" height=\"233\"><\/strong><\/p>\n<p><img loading=\"lazy\" decoding=\"async\" title=\"Catalogue: Art et Nature Intervention plastique dans la rivi\u00e8re Hers Ao\u00fbt 2003 CAT\u2019ART. Centre d\u2019Art Contemporain 2003\" src=\"http:\/\/www.paulinamihai.de\/wp-content\/uploads\/2012\/06\/Teller.jpg\" alt=\"\" width=\"350\" height=\"514\"><\/p>\n<p>Paulina Mihai: Rien ne va plus<br \/>\nInstallation 2003. Art &amp; Nature,<br \/>\nIntervention Plastique, Symposion,<br \/>\nSainte-Colombe-sur-l&#8217;Her, France<\/p>\n<p><img loading=\"lazy\" decoding=\"async\" title=\"Photo: \u00a9 Paulina Mihai\" src=\"http:\/\/www.paulinamihai.de\/wp-content\/uploads\/2012\/06\/artnature35.jpg\" alt=\"\" width=\"600\" height=\"399\"><\/p>\n<p>Paulina Mihai: Rien ne va plus. Installation 2003<br \/>\nArt &amp; Nature, Intervention Plastique, Symposion, Sainte-Colombe-sur-l&#8217;Her, France<\/p>\n<p><img loading=\"lazy\" decoding=\"async\" title=\"Catalogue: Art et Nature. Intervention plastique dans la rivi\u00e8re Hers. Ao\u00fbt 2003. CAT\u2019ART. Centre d\u2019Art Contemporain 2003\" src=\"http:\/\/www.paulinamihai.de\/wp-content\/uploads\/2012\/06\/artetnature.jpg\" alt=\"\" width=\"150\" height=\"220\"><\/p>\n<p>Catalogue<br \/>\nArt et Nature<br \/>\nIntervention plastique dans la rivi\u00e8re Hers<br \/>\nAo\u00fbt 2003 CAT\u2019ART. Centre d\u2019Art<br \/>\nContemporain 2003<br \/>\n48 p. 44 Ill. 30&#215;21 cm<\/p>\n<p>DVD<br \/>\nArt et Nature<br \/>\nIntervention plastique dans la rivi\u00e8re Hers<br \/>\nAo\u00fbt 2003, CAT\u2019ART. Centre d\u2019Art<br \/>\nContemporain 2003<br \/>\nDVD, mira Audiovisual, Langue: fran\u00e7ais<br \/>\ndur\u00e9e 18 min.<\/p>\n<p>___________________________________________________________________________<\/p>\n<p><strong>Ignat 22. 2009<\/strong><\/p>\n<p><img loading=\"lazy\" decoding=\"async\" class=\"alignnone  wp-image-234\" title=\"Photo: \u00a9 Paulina Mihai\" src=\"http:\/\/www.paulinamihai.de\/wp-content\/uploads\/2012\/06\/Teller01.jpg\" alt=\"\" width=\"600\" height=\"450\" srcset=\"http:\/\/www.paulinamihai.de\/wp-content\/uploads\/2012\/06\/Teller01.jpg 600w, http:\/\/www.paulinamihai.de\/wp-content\/uploads\/2012\/06\/Teller01-300x225.jpg 300w\" sizes=\"auto, (max-width: 600px) 100vw, 600px\" \/><\/p>\n<p>Paulina Mihai: Ignat 22. Eine Installation. (10 Jahre Rum\u00e4nisches Kulturinstitut)<br \/>\nRum\u00e4nisches Kulturinstitut Titu Maiorescu, Berlin 2009<\/p>\n<p><img loading=\"lazy\" decoding=\"async\" class=\"alignnone size-full wp-image-235\" title=\"Photo: \u00a9 Paulina Mihai\" src=\"http:\/\/www.paulinamihai.de\/wp-content\/uploads\/2012\/06\/Teller03.jpg\" alt=\"\" width=\"600\" height=\"418\" srcset=\"http:\/\/www.paulinamihai.de\/wp-content\/uploads\/2012\/06\/Teller03.jpg 600w, http:\/\/www.paulinamihai.de\/wp-content\/uploads\/2012\/06\/Teller03-300x209.jpg 300w\" sizes=\"auto, (max-width: 600px) 100vw, 600px\" \/><\/p>\n<p>Paulina Mihai: Ignat 22. Eine Installation. (10 Jahre Rum\u00e4nisches Kulturinstitut)<br \/>\nRum\u00e4nisches Kulturinstitut Titu Maiorescu, Berlin 2009<\/p>\n<p><img loading=\"lazy\" decoding=\"async\" class=\"alignnone size-full wp-image-405\" title=\"Photo: \u00a9 Paulina Mihai\" src=\"http:\/\/www.paulinamihai.de\/wp-content\/uploads\/2012\/06\/Teller05.jpg\" alt=\"\" width=\"600\" height=\"450\" srcset=\"http:\/\/www.paulinamihai.de\/wp-content\/uploads\/2012\/06\/Teller05.jpg 600w, http:\/\/www.paulinamihai.de\/wp-content\/uploads\/2012\/06\/Teller05-300x225.jpg 300w\" sizes=\"auto, (max-width: 600px) 100vw, 600px\" \/><\/p>\n<p><img loading=\"lazy\" decoding=\"async\" class=\"alignnone  wp-image-407\" title=\"Photo: \u00a9 Paulina Mihai\" src=\"http:\/\/www.paulinamihai.de\/wp-content\/uploads\/2012\/06\/Teller04.jpg\" alt=\"\" width=\"600\" height=\"450\" srcset=\"http:\/\/www.paulinamihai.de\/wp-content\/uploads\/2012\/06\/Teller04.jpg 600w, http:\/\/www.paulinamihai.de\/wp-content\/uploads\/2012\/06\/Teller04-300x225.jpg 300w\" sizes=\"auto, (max-width: 600px) 100vw, 600px\" \/><\/p>\n<p>Paulina Mihai: Ignat 22. Eine Installation. (Detail, im Atelier)<\/p>\n","protected":false},"excerpt":{"rendered":"<p>Lacustre. 2001 Paulina Mihai: Lacustre, Art et Nature, Du 24 au 30 ao\u00fbt, 2001, 12 sculpteurs et plasticiens cr\u00e9eront des oeuvers \u00e9ph\u00e9m\u00e8res au bord du lac de Montbel. Cat\u2019Art, Centre d\u2019Art Contemporain La Forge, l\u2019Aude,&nbsp; France Paulina Mihai: Tempor\u00e4re Installation &hellip; <a href=\"http:\/\/www.paulinamihai.de\/?page_id=16\">Continue reading <span class=\"meta-nav\">&rarr;<\/span><\/a><\/p>\n","protected":false},"author":1,"featured_media":0,"parent":0,"menu_order":40,"comment_status":"closed","ping_status":"closed","template":"onecolumn-page.php","meta":{"footnotes":""},"class_list":["post-16","page","type-page","status-publish","hentry"],"_links":{"self":[{"href":"http:\/\/www.paulinamihai.de\/index.php?rest_route=\/wp\/v2\/pages\/16","targetHints":{"allow":["GET"]}}],"collection":[{"href":"http:\/\/www.paulinamihai.de\/index.php?rest_route=\/wp\/v2\/pages"}],"about":[{"href":"http:\/\/www.paulinamihai.de\/index.php?rest_route=\/wp\/v2\/types\/page"}],"author":[{"embeddable":true,"href":"http:\/\/www.paulinamihai.de\/index.php?rest_route=\/wp\/v2\/users\/1"}],"replies":[{"embeddable":true,"href":"http:\/\/www.paulinamihai.de\/index.php?rest_route=%2Fwp%2Fv2%2Fcomments&post=16"}],"version-history":[{"count":70,"href":"http:\/\/www.paulinamihai.de\/index.php?rest_route=\/wp\/v2\/pages\/16\/revisions"}],"predecessor-version":[{"id":1779,"href":"http:\/\/www.paulinamihai.de\/index.php?rest_route=\/wp\/v2\/pages\/16\/revisions\/1779"}],"wp:attachment":[{"href":"http:\/\/www.paulinamihai.de\/index.php?rest_route=%2Fwp%2Fv2%2Fmedia&parent=16"}],"curies":[{"name":"wp","href":"https:\/\/api.w.org\/{rel}","templated":true}]}}

<p><strong>Lacustre. 2001</strong></p>
<p><img loading="lazy" decoding="async" title="Photo: © Àlex Tena" src="http://www.paulinamihai.de/wp-content/uploads/2012/06/LMihai02.jpg" alt="" width="400" height="600"></p>
<p>Paulina Mihai: Lacustre, Art et Nature,<br />
Du 24 au 30 août, 2001,<br />
12 sculpteurs et plasticiens<br />
créeront des oeuvers éphémères<br />
au bord du lac de Montbel.<br />
Cat’Art, Centre d’Art Contemporain<br />
La Forge, l’Aude,&nbsp; France</p>
<p><img loading="lazy" decoding="async" title="Photo: © Àlex Tena" src="http://www.paulinamihai.de/wp-content/uploads/2012/06/LMihai01.jpg" alt="" width="600" height="400"></p>
<p>Paulina Mihai: Temporäre Installation am Lac de Montbel<br />
Frankreich, August 2001, schwarzer Stoff, Holz</p>
<p><img loading="lazy" decoding="async" title="Photo: © Paulina Mihai" src="http://www.paulinamihai.de/wp-content/uploads/2012/06/Salamandre.jpg" alt="" width="600" height="397"></p>
<p>Paulina Mihai: Salamandre. Temporäre Installation am Lac de Montbel<br />
Frankreich, August 2001, schwarzer Stoff, Holz</p>
<p>Salamandre</p>
<p>Paulina prend possession des végétaux, minéraux et animaux du lieu: salamandre noire et jaune qu&#8217;elle prend sous sa protection et qui lui fournit un nouveau patron visuel; vaches paissant sur la rive, souches, terre stérile et asséchée.<br />
Essence et résistance des matériaux, toiles principalement, noires ou blanches, qui endeuiIlent à nouveau les souches déjà mortes.<br />
Paulina n&#8217;aime pas l&#8217;eau et elle garde ses distances. L&#8217;ombre du bois proche semble plutôt l&#8217;attirer; c&#8217;est là qu&#8217;elle emmaillote les arbres (vivants ceux-ci), emménageant un espace à l&#8217;orée de la fôret, une clairière pour le repos et la réflexion où elle va parfois s&#8217;assoupir elle- même aux heures les plus chaudes de la journée.<br />
Espace et matière sont les thèmes de la transposition et de la transfiguration de ce paysage en sculpture, la nature restant toujours perceptible à travers l&#8217;abstraction qui ne fait que la souligner et la masquer pour mieux la dévoiler.</p>
<p>© Àlex Tena</p>
<p><img loading="lazy" decoding="async" title="Photo: © Àlex Tena" src="http://www.paulinamihai.de/wp-content/uploads/2012/06/LMihai05.jpg" alt="" width="600" height="400"></p>
<p>Paulina Mihai: Temporäre Installation am Lac de Montbel<br />
Frankreich August 2001, weisser Stoff, Acryl</p>
<p><img loading="lazy" decoding="async" title="Photo: © Àlex Tena" src="http://www.paulinamihai.de/wp-content/uploads/2012/06/LMihai04.jpg" alt="" width="600" height="400"></p>
<p>Paulina Mihai: Temporäre Installation am Lac de Montbel<br />
Frankreich August 2001: weisser Stoff, Acryl</p>
<p><img loading="lazy" decoding="async" title="Catalogue: Lacustre. Art et Nature Intervention plastique Lac de Montbel Août 2001 CAT’ART. Centre d’Art Contemporain 2002" src="http://www.paulinamihai.de/wp-content/uploads/2012/06/lacustre.jpg" alt="" width="150" height="220"></p>
<p>Catalogue<br />
Lacustre. Art et Nature<br />
Intervention plastique<br />
Lac de Montbel<br />
Août 2001<br />
CAT’ART. Centre d’Art<br />
Contemporain<br />
2002<br />
48 p. 44 Ill. 30&#215;21 cm</p>
<p>___________________________________________________________________________</p>
<p><strong>Art &amp; Nature. 2003</strong></p>
<p><img loading="lazy" decoding="async" title="Photo: © Paulina Mihai" src="http://www.paulinamihai.de/wp-content/uploads/2012/06/artnature34.jpg" alt="" width="600" height="421"></p>
<p>Paulina Mihai: Sans Titres, 2003, Huile sur toile<br />
Exposition collective des artistes participants à l’intervention<br />
Salle d’exposition du centre d’art. L’lle, Sainte-Colombe-sur-l&#8217;Her</p>
<p><strong><img loading="lazy" decoding="async" title="Photo: © Paulina Mihai" src="http://www.paulinamihai.de/wp-content/uploads/2012/06/artnature02.jpg" alt="" width="350" height="233"></strong></p>
<p><img loading="lazy" decoding="async" title="Catalogue: Art et Nature Intervention plastique dans la rivière Hers Août 2003 CAT’ART. Centre d’Art Contemporain 2003" src="http://www.paulinamihai.de/wp-content/uploads/2012/06/Teller.jpg" alt="" width="350" height="514"></p>
<p>Paulina Mihai: Rien ne va plus<br />
Installation 2003. Art &amp; Nature,<br />
Intervention Plastique, Symposion,<br />
Sainte-Colombe-sur-l&#8217;Her, France</p>
<p><img loading="lazy" decoding="async" title="Photo: © Paulina Mihai" src="http://www.paulinamihai.de/wp-content/uploads/2012/06/artnature35.jpg" alt="" width="600" height="399"></p>
<p>Paulina Mihai: Rien ne va plus. Installation 2003<br />
Art &amp; Nature, Intervention Plastique, Symposion, Sainte-Colombe-sur-l&#8217;Her, France</p>
<p><img loading="lazy" decoding="async" title="Catalogue: Art et Nature. Intervention plastique dans la rivière Hers. Août 2003. CAT’ART. Centre d’Art Contemporain 2003" src="http://www.paulinamihai.de/wp-content/uploads/2012/06/artetnature.jpg" alt="" width="150" height="220"></p>
<p>Catalogue<br />
Art et Nature<br />
Intervention plastique dans la rivière Hers<br />
Août 2003 CAT’ART. Centre d’Art<br />
Contemporain 2003<br />
48 p. 44 Ill. 30&#215;21 cm</p>
<p>DVD<br />
Art et Nature<br />
Intervention plastique dans la rivière Hers<br />
Août 2003, CAT’ART. Centre d’Art<br />
Contemporain 2003<br />
DVD, mira Audiovisual, Langue: français<br />
durée 18 min.</p>
<p>___________________________________________________________________________</p>
<p><strong>Ignat 22. 2009</strong></p>
<p><img loading="lazy" decoding="async" class="alignnone  wp-image-234" title="Photo: © Paulina Mihai" src="http://www.paulinamihai.de/wp-content/uploads/2012/06/Teller01.jpg" alt="" width="600" height="450" srcset="http://www.paulinamihai.de/wp-content/uploads/2012/06/Teller01.jpg 600w, http://www.paulinamihai.de/wp-content/uploads/2012/06/Teller01-300x225.jpg 300w" sizes="auto, (max-width: 600px) 100vw, 600px" /></p>
<p>Paulina Mihai: Ignat 22. Eine Installation. (10 Jahre Rumänisches Kulturinstitut)<br />
Rumänisches Kulturinstitut Titu Maiorescu, Berlin 2009</p>
<p><img loading="lazy" decoding="async" class="alignnone size-full wp-image-235" title="Photo: © Paulina Mihai" src="http://www.paulinamihai.de/wp-content/uploads/2012/06/Teller03.jpg" alt="" width="600" height="418" srcset="http://www.paulinamihai.de/wp-content/uploads/2012/06/Teller03.jpg 600w, http://www.paulinamihai.de/wp-content/uploads/2012/06/Teller03-300x209.jpg 300w" sizes="auto, (max-width: 600px) 100vw, 600px" /></p>
<p>Paulina Mihai: Ignat 22. Eine Installation. (10 Jahre Rumänisches Kulturinstitut)<br />
Rumänisches Kulturinstitut Titu Maiorescu, Berlin 2009</p>
<p><img loading="lazy" decoding="async" class="alignnone size-full wp-image-405" title="Photo: © Paulina Mihai" src="http://www.paulinamihai.de/wp-content/uploads/2012/06/Teller05.jpg" alt="" width="600" height="450" srcset="http://www.paulinamihai.de/wp-content/uploads/2012/06/Teller05.jpg 600w, http://www.paulinamihai.de/wp-content/uploads/2012/06/Teller05-300x225.jpg 300w" sizes="auto, (max-width: 600px) 100vw, 600px" /></p>
<p><img loading="lazy" decoding="async" class="alignnone  wp-image-407" title="Photo: © Paulina Mihai" src="http://www.paulinamihai.de/wp-content/uploads/2012/06/Teller04.jpg" alt="" width="600" height="450" srcset="http://www.paulinamihai.de/wp-content/uploads/2012/06/Teller04.jpg 600w, http://www.paulinamihai.de/wp-content/uploads/2012/06/Teller04-300x225.jpg 300w" sizes="auto, (max-width: 600px) 100vw, 600px" /></p>
<p>Paulina Mihai: Ignat 22. Eine Installation. (Detail, im Atelier)</p>

<p>Lacustre. 2001 Paulina Mihai: Lacustre, Art et Nature, Du 24 au 30 août, 2001, 12 sculpteurs et plasticiens créeront des oeuvers éphémères au bord du lac de Montbel. Cat’Art, Centre d’Art Contemporain La Forge, l’Aude,&nbsp; France Paulina Mihai: Temporäre Installation &hellip; <a href="http://www.paulinamihai.de/?page_id=16">Continue reading <span class="meta-nav">&rarr;</span></a></p>
