{"id":67,"date":"2012-06-15T12:52:23","date_gmt":"2012-06-15T10:52:23","guid":{"rendered":"http:\/\/www.paulinamihai.de\/?page_id=67"},"modified":"2012-06-15T12:52:23","modified_gmt":"2012-06-15T10:52:23","slug":"demetrescu","status":"publish","type":"page","link":"http:\/\/www.paulinamihai.de\/?page_id=67","title":{"rendered":"Demetrescu"},"content":{"rendered":"<p>Paulina Mihai 2003<\/p>\n<p>Un des biographes de Picasso affirmait qu\u2019on devrait toujours s\u2019excuser en parlant peinture. En m\u00eame temps \u00ab nous vivons au miliux des mots \u00bb &#8211; nous avertisait Michel Butor. La th\u00e9orie de l\u2019art allemande a th\u00e9matis\u00e9 depuis longtemps la verbalit\u00e9 du tableau : l\u2019art visuel detient sa connaissance particuli\u00e8re, non-discursive, mais aussi efficace que tout autre savoir. L\u2019art moderne s\u2019est particuli\u00e8rement d\u00e9velopp\u00e9 dans le sens de l\u2019apprentissage de la visibilit\u00e9 \u2013 apprendre \u00e0 voir et \u00e0 regarder \u2013 et de l\u2019immediatet\u00e9 de l\u2019image.<\/p>\n<p>La peinture de Paulina Mihai correspond \u00e0 ces defis : ses exp\u00e9riments visuels temoignent une biographie artistique exceptionnelle. N\u00e9e en Roumanie, elle a etudi\u00e9 \u00e0 l\u2019Acad\u00e9mie des beaux arts de Bucarest o\u00f9 elle a joui d\u2019une renom\u00e9e certaine dans les milieus artistiques. Elle vit depuis plus de vingt ans \u00e0 Berlin, o\u00f9 elle a suivi son propre parcours artistique que j\u2019aimerais definir comme \u00ab lib\u00e9ration de la peinture \u00bb : \u00e9loignement de la nature, pour pouvoir mieux l\u2019appr\u00e9hender. Il s\u2019agit aussi d\u2019un renoncement au paysage, pour faire place \u00e0 la nature int\u00e9rieure qui rejoint la nature ext\u00e9rieure dans l\u2019unit\u00e9 visuelle de sa peinture. Car, pour citer Jacques Maritain, l\u2019art moderne affirme la sujectivit\u00e9 de l\u2019artiste au lieu de la beaut\u00e9 ext\u00e9rieure de la nature.<\/p>\n<p>La peinture de Paulina Mihai se laisse difficilement d\u00e9chiffrer : ses tableux ne racontent pas d\u2019histoires et ne portent jamais de titres. Elle a ses origines dans la tradition de la peinture roumaine qui survit dans les tableaux de Paulina dans la force des couleurs et la synth\u00e8se de l\u2019image : cette aspiration est perceptible dans toute l\u2019histoire de l\u2019art roumain amenant parfois \u00e0 la g\u00e9ometrie et m\u00eame \u00e0 l\u2019abstraction. Dans l\u2019art moderne roumain on retrouve toujours le sens de la synth\u00e8se et une certaine propention pour l\u2019essentialit\u00e9 formelle.<\/p>\n<p>Vue d\u2019une perspective postmoderne la peinture de Paulina Mihai temoigne aussi de la grande tradition europ\u00e9enne de la modernit\u00e9, dans la quelle la (re)cr\u00e9ation de la r\u00e9alit\u00e9 n\u2019est plus synonyme avec l\u2019imitation de la nature; rappelons les mots de Paul Klee : \u00bbKunst gibt nicht das Sichtbare wieder, sondern macht sichtbar \u00bb. L\u2019\u0153il de l\u2019artiste a le privil\u00e8ge de nous faire voir le monde visible dans le parcours specifique de la visibilit\u00e9 cr\u00e9atrice.<\/p>\n<p>La force des tableaux de Paulina ne r\u00e9side pas dans ses dimensions, mais dans leur monumentalite qui an\u00e9antit parfois le mur sur le quel ils sont accroch\u00e9.. C\u2019est ainsi de la force du coloris et de la mati\u00e8re concr\u00e8e picturale que na\u00eet la \u00ab magie \u00bb qui nous introduit dans la realit\u00e9 de sa peinture et nous invite \u00e0 la parcourir pour apprendre \u00e0 la regarder.<\/p>\n<p>Ruxandra Demetrescu<br \/>\nLeiterin des Rum\u00e4nischen Kulturinstituts in Berlin<\/p>\n<p>Text zur Ausstellun in der Galerie Riberaygua, Andorra La Vella, Andorra, 2003<br \/>\nCopyright bei der Autorin<\/p>\n","protected":false},"excerpt":{"rendered":"<p>Paulina Mihai 2003 Un des biographes de Picasso affirmait qu\u2019on devrait toujours s\u2019excuser en parlant peinture. En m\u00eame temps \u00ab nous vivons au miliux des mots \u00bb &#8211; nous avertisait Michel Butor. La th\u00e9orie de l\u2019art allemande a th\u00e9matis\u00e9 depuis &hellip; <a href=\"http:\/\/www.paulinamihai.de\/?page_id=67\">Continue reading <span class=\"meta-nav\">&rarr;<\/span><\/a><\/p>\n","protected":false},"author":1,"featured_media":0,"parent":38,"menu_order":5,"comment_status":"closed","ping_status":"closed","template":"onecolumn-page.php","meta":{"footnotes":""},"class_list":["post-67","page","type-page","status-publish","hentry"],"_links":{"self":[{"href":"http:\/\/www.paulinamihai.de\/index.php?rest_route=\/wp\/v2\/pages\/67","targetHints":{"allow":["GET"]}}],"collection":[{"href":"http:\/\/www.paulinamihai.de\/index.php?rest_route=\/wp\/v2\/pages"}],"about":[{"href":"http:\/\/www.paulinamihai.de\/index.php?rest_route=\/wp\/v2\/types\/page"}],"author":[{"embeddable":true,"href":"http:\/\/www.paulinamihai.de\/index.php?rest_route=\/wp\/v2\/users\/1"}],"replies":[{"embeddable":true,"href":"http:\/\/www.paulinamihai.de\/index.php?rest_route=%2Fwp%2Fv2%2Fcomments&post=67"}],"version-history":[{"count":1,"href":"http:\/\/www.paulinamihai.de\/index.php?rest_route=\/wp\/v2\/pages\/67\/revisions"}],"predecessor-version":[{"id":68,"href":"http:\/\/www.paulinamihai.de\/index.php?rest_route=\/wp\/v2\/pages\/67\/revisions\/68"}],"up":[{"embeddable":true,"href":"http:\/\/www.paulinamihai.de\/index.php?rest_route=\/wp\/v2\/pages\/38"}],"wp:attachment":[{"href":"http:\/\/www.paulinamihai.de\/index.php?rest_route=%2Fwp%2Fv2%2Fmedia&parent=67"}],"curies":[{"name":"wp","href":"https:\/\/api.w.org\/{rel}","templated":true}]}}

<p>Paulina Mihai 2003</p>
<p>Un des biographes de Picasso affirmait qu’on devrait toujours s’excuser en parlant peinture. En même temps « nous vivons au miliux des mots » &#8211; nous avertisait Michel Butor. La théorie de l’art allemande a thématisé depuis longtemps la verbalité du tableau : l’art visuel detient sa connaissance particulière, non-discursive, mais aussi efficace que tout autre savoir. L’art moderne s’est particulièrement développé dans le sens de l’apprentissage de la visibilité – apprendre à voir et à regarder – et de l’immediateté de l’image.</p>
<p>La peinture de Paulina Mihai correspond à ces defis : ses expériments visuels temoignent une biographie artistique exceptionnelle. Née en Roumanie, elle a etudié à l’Académie des beaux arts de Bucarest où elle a joui d’une renomée certaine dans les milieus artistiques. Elle vit depuis plus de vingt ans à Berlin, où elle a suivi son propre parcours artistique que j’aimerais definir comme « libération de la peinture » : éloignement de la nature, pour pouvoir mieux l’appréhender. Il s’agit aussi d’un renoncement au paysage, pour faire place à la nature intérieure qui rejoint la nature extérieure dans l’unité visuelle de sa peinture. Car, pour citer Jacques Maritain, l’art moderne affirme la sujectivité de l’artiste au lieu de la beauté extérieure de la nature.</p>
<p>La peinture de Paulina Mihai se laisse difficilement déchiffrer : ses tableux ne racontent pas d’histoires et ne portent jamais de titres. Elle a ses origines dans la tradition de la peinture roumaine qui survit dans les tableaux de Paulina dans la force des couleurs et la synthèse de l’image : cette aspiration est perceptible dans toute l’histoire de l’art roumain amenant parfois à la géometrie et même à l’abstraction. Dans l’art moderne roumain on retrouve toujours le sens de la synthèse et une certaine propention pour l’essentialité formelle.</p>
<p>Vue d’une perspective postmoderne la peinture de Paulina Mihai temoigne aussi de la grande tradition européenne de la modernité, dans la quelle la (re)création de la réalité n’est plus synonyme avec l’imitation de la nature; rappelons les mots de Paul Klee : »Kunst gibt nicht das Sichtbare wieder, sondern macht sichtbar ». L’œil de l’artiste a le privilège de nous faire voir le monde visible dans le parcours specifique de la visibilité créatrice.</p>
<p>La force des tableaux de Paulina ne réside pas dans ses dimensions, mais dans leur monumentalite qui anéantit parfois le mur sur le quel ils sont accroché.. C’est ainsi de la force du coloris et de la matière concrèe picturale que naît la « magie » qui nous introduit dans la realité de sa peinture et nous invite à la parcourir pour apprendre à la regarder.</p>
<p>Ruxandra Demetrescu<br />
Leiterin des Rumänischen Kulturinstituts in Berlin</p>
<p>Text zur Ausstellun in der Galerie Riberaygua, Andorra La Vella, Andorra, 2003<br />
Copyright bei der Autorin</p>

<p>Paulina Mihai 2003 Un des biographes de Picasso affirmait qu’on devrait toujours s’excuser en parlant peinture. En même temps « nous vivons au miliux des mots » &#8211; nous avertisait Michel Butor. La théorie de l’art allemande a thématisé depuis &hellip; <a href="http://www.paulinamihai.de/?page_id=67">Continue reading <span class="meta-nav">&rarr;</span></a></p>
