{"id":79,"date":"2012-06-15T13:00:45","date_gmt":"2012-06-15T11:00:45","guid":{"rendered":"http:\/\/www.paulinamihai.de\/?page_id=79"},"modified":"2012-08-24T09:52:16","modified_gmt":"2012-08-24T07:52:16","slug":"glasmeier","status":"publish","type":"page","link":"http:\/\/www.paulinamihai.de\/?page_id=79","title":{"rendered":"Glasmeier"},"content":{"rendered":"<p align=\"LEFT\">Die aus Rum\u00e4nien stammende und in Berlin lebende K\u00fcnstlerin Paulina Mihai entwirft ihre Bilderwelt aus einer verzweigten, mehrschichtigen Pr\u00e4sentation von Farben und Linien, wobei die Farben eine ungeahnte Materialit\u00e4t besitzen, die von den Linien durchkreuzt und strukturiert wird. Die Farben haben ihre Funktion als Abbildungsqualit\u00e4t, Signal oder abstrakte Form aufgegeben und finden sich in den Bildern als tellurische Verkrustungen wieder. Sie sind nicht Mittel zum Zweck, sondern selbst Objekte mit individuellem Charakter. Die Linien, die da schwarz diese Bildwelt durchweben, verwirren oder best\u00e4tigen, sind keine Zeichnungslinien, sondern Duktus. Sie erheben keinen Anspruch auf Signifikanz. Sie nehmen uns nicht bei der Hand, um uns durch das Bild zu f\u00fchren, sondern sie suchen mit uns einen Weg, um im Bild zu bleiben, in den Farbschichten. Paulina Mihai stellt die Frage nach dem Blick, wenn wir glauben alles gesehen zu haben. Sie verr\u00fcckt unsere Standpunkte und Begrifflichkeiten, indem sie unseren Blick auf eben diese Standpunkte und Begrifflichkeiten selbst lenkt. Ihre Oberfl\u00e4chen sind Innenfl\u00e4chen, die auf dem Wei\u00df der W\u00e4nde atmen. F\u00fcr Paulina Mihai wird der Raum zur Karthographie einer inneren Abenteuerreise.<\/p>\n<p>Michael Glasmeier<br \/>\nBerlin, 14.11.1994<\/p>\n<p>Auszug aus der Er\u00f6ffnungsrede zur Ausstellung in der Galerie im PTZ, Produktionstechnisches Zentrum,\u00a0 Berlin<br \/>\nCopyright beim Autor<\/p>\n","protected":false},"excerpt":{"rendered":"<p>Die aus Rum\u00e4nien stammende und in Berlin lebende K\u00fcnstlerin Paulina Mihai entwirft ihre Bilderwelt aus einer verzweigten, mehrschichtigen Pr\u00e4sentation von Farben und Linien, wobei die Farben eine ungeahnte Materialit\u00e4t besitzen, die von den Linien durchkreuzt und strukturiert wird. Die Farben &hellip; <a href=\"http:\/\/www.paulinamihai.de\/?page_id=79\">Continue reading <span class=\"meta-nav\">&rarr;<\/span><\/a><\/p>\n","protected":false},"author":1,"featured_media":0,"parent":38,"menu_order":2,"comment_status":"closed","ping_status":"closed","template":"onecolumn-page.php","meta":{"footnotes":""},"class_list":["post-79","page","type-page","status-publish","hentry"],"_links":{"self":[{"href":"http:\/\/www.paulinamihai.de\/index.php?rest_route=\/wp\/v2\/pages\/79","targetHints":{"allow":["GET"]}}],"collection":[{"href":"http:\/\/www.paulinamihai.de\/index.php?rest_route=\/wp\/v2\/pages"}],"about":[{"href":"http:\/\/www.paulinamihai.de\/index.php?rest_route=\/wp\/v2\/types\/page"}],"author":[{"embeddable":true,"href":"http:\/\/www.paulinamihai.de\/index.php?rest_route=\/wp\/v2\/users\/1"}],"replies":[{"embeddable":true,"href":"http:\/\/www.paulinamihai.de\/index.php?rest_route=%2Fwp%2Fv2%2Fcomments&post=79"}],"version-history":[{"count":9,"href":"http:\/\/www.paulinamihai.de\/index.php?rest_route=\/wp\/v2\/pages\/79\/revisions"}],"predecessor-version":[{"id":526,"href":"http:\/\/www.paulinamihai.de\/index.php?rest_route=\/wp\/v2\/pages\/79\/revisions\/526"}],"up":[{"embeddable":true,"href":"http:\/\/www.paulinamihai.de\/index.php?rest_route=\/wp\/v2\/pages\/38"}],"wp:attachment":[{"href":"http:\/\/www.paulinamihai.de\/index.php?rest_route=%2Fwp%2Fv2%2Fmedia&parent=79"}],"curies":[{"name":"wp","href":"https:\/\/api.w.org\/{rel}","templated":true}]}}

<p align="LEFT">Die aus Rumänien stammende und in Berlin lebende Künstlerin Paulina Mihai entwirft ihre Bilderwelt aus einer verzweigten, mehrschichtigen Präsentation von Farben und Linien, wobei die Farben eine ungeahnte Materialität besitzen, die von den Linien durchkreuzt und strukturiert wird. Die Farben haben ihre Funktion als Abbildungsqualität, Signal oder abstrakte Form aufgegeben und finden sich in den Bildern als tellurische Verkrustungen wieder. Sie sind nicht Mittel zum Zweck, sondern selbst Objekte mit individuellem Charakter. Die Linien, die da schwarz diese Bildwelt durchweben, verwirren oder bestätigen, sind keine Zeichnungslinien, sondern Duktus. Sie erheben keinen Anspruch auf Signifikanz. Sie nehmen uns nicht bei der Hand, um uns durch das Bild zu führen, sondern sie suchen mit uns einen Weg, um im Bild zu bleiben, in den Farbschichten. Paulina Mihai stellt die Frage nach dem Blick, wenn wir glauben alles gesehen zu haben. Sie verrückt unsere Standpunkte und Begrifflichkeiten, indem sie unseren Blick auf eben diese Standpunkte und Begrifflichkeiten selbst lenkt. Ihre Oberflächen sind Innenflächen, die auf dem Weiß der Wände atmen. Für Paulina Mihai wird der Raum zur Karthographie einer inneren Abenteuerreise.</p>
<p>Michael Glasmeier<br />
Berlin, 14.11.1994</p>
<p>Auszug aus der Eröffnungsrede zur Ausstellung in der Galerie im PTZ, Produktionstechnisches Zentrum,  Berlin<br />
Copyright beim Autor</p>

<p>Die aus Rumänien stammende und in Berlin lebende Künstlerin Paulina Mihai entwirft ihre Bilderwelt aus einer verzweigten, mehrschichtigen Präsentation von Farben und Linien, wobei die Farben eine ungeahnte Materialität besitzen, die von den Linien durchkreuzt und strukturiert wird. Die Farben &hellip; <a href="http://www.paulinamihai.de/?page_id=79">Continue reading <span class="meta-nav">&rarr;</span></a></p>
